{"id":4,"date":"2023-04-14T11:15:47","date_gmt":"2023-04-14T09:15:47","guid":{"rendered":"https:\/\/jut.sk\/jut-energie\/?page_id=4"},"modified":"2023-05-18T11:13:13","modified_gmt":"2023-05-18T09:13:13","slug":"uvod","status":"publish","type":"page","link":"https:\/\/jut.sk\/jut-energie\/","title":{"rendered":"\u00davod"},"content":{"rendered":"\n\n<div id=\"wk-grid62c\" class=\"uk-grid-width-1-2 uk-grid-width-small-1-2 uk-grid-width-large-1-4 uk-grid uk-grid-match uk-text-center jut-energie-grid\" data-uk-grid-match=\"{target:'> div > .uk-panel', row:true}\" data-uk-grid-margin >\n\n\n    <div>\n        <div class=\"uk-panel uk-panel-box\">\n\n            \n            \n            \n            \n                        <h3 class=\"uk-panel-title\">\n\n                                    Garantovan\u00e1 n\u00e1vratnos\u0165                \n                \n            <\/h3>\n            \n            \n                        <div class=\"uk-margin uk-text-center\"><img decoding=\"async\" src=\"\/jut-energie\/wp-content\/uploads\/sites\/7\/2023\/05\/calculator.svg\" class=\" uk-overlay-scale\" alt=\"Garantovan\u00e1 n\u00e1vratnos\u0165\"><\/div>\n            \n            \n            \n            \n            \n        <\/div>\n    <\/div>\n\n\n    <div>\n        <div class=\"uk-panel uk-panel-box\">\n\n            \n            \n            \n            \n                        <h3 class=\"uk-panel-title\">\n\n                                    Individu\u00e1lny pr\u00edstup pri n\u00e1vrhu                \n                \n            <\/h3>\n            \n            \n                        <div class=\"uk-margin uk-text-center\"><img decoding=\"async\" src=\"\/jut-energie\/wp-content\/uploads\/sites\/7\/2023\/05\/blueprint.svg\" class=\" uk-overlay-scale\" alt=\"Individu\u00e1lny pr\u00edstup pri n\u00e1vrhu\"><\/div>\n            \n            \n            \n            \n            \n        <\/div>\n    <\/div>\n\n\n    <div>\n        <div class=\"uk-panel uk-panel-box\">\n\n            \n            \n            \n            \n                        <h3 class=\"uk-panel-title\">\n\n                                    10 - ro\u010dn\u00e1 z\u00e1ruka na vybran\u00e9 komponenty                \n                \n            <\/h3>\n            \n            \n                        <div class=\"uk-margin uk-text-center\"><img decoding=\"async\" src=\"\/jut-energie\/wp-content\/uploads\/sites\/7\/2023\/05\/insurance.svg\" class=\" uk-overlay-scale\" alt=\"10 - ro\u010dn\u00e1 z\u00e1ruka na vybran\u00e9 komponenty\"><\/div>\n            \n            \n            \n            \n            \n        <\/div>\n    <\/div>\n\n\n    <div>\n        <div class=\"uk-panel uk-panel-box\">\n\n            \n            \n            \n            \n                        <h3 class=\"uk-panel-title\">\n\n                                    Z\u00e1ru\u010dn\u00fd a poz\u00e1ru\u010dn\u00fd servis                \n                \n            <\/h3>\n            \n            \n                        <div class=\"uk-margin uk-text-center\"><img decoding=\"async\" src=\"\/jut-energie\/wp-content\/uploads\/sites\/7\/2023\/05\/solar-panels.svg\" class=\" uk-overlay-scale\" alt=\"Z\u00e1ru\u010dn\u00fd a poz\u00e1ru\u010dn\u00fd servis\"><\/div>\n            \n            \n            \n            \n            \n        <\/div>\n    <\/div>\n\n\n    <div>\n        <div class=\"uk-panel uk-panel-box\">\n\n            \n            \n            \n            \n                        <h3 class=\"uk-panel-title\">\n\n                                    Vybavenie \u0161t\u00e1tnej dot\u00e1cie                \n                \n            <\/h3>\n            \n            \n                        <div class=\"uk-margin uk-text-center\"><img decoding=\"async\" src=\"\/jut-energie\/wp-content\/uploads\/sites\/7\/2023\/05\/save-time.svg\" class=\" uk-overlay-scale\" alt=\"Vybavenie \u0161t\u00e1tnej dot\u00e1cie\"><\/div>\n            \n            \n            \n            \n            \n        <\/div>\n    <\/div>\n\n\n    <div>\n        <div class=\"uk-panel uk-panel-box\">\n\n            \n            \n            \n            \n                        <h3 class=\"uk-panel-title\">\n\n                                    Nez\u00e1v\u00e4zn\u00e1 cenov\u00e1 ponuka                \n                \n            <\/h3>\n            \n            \n                        <div class=\"uk-margin uk-text-center\"><img decoding=\"async\" src=\"\/jut-energie\/wp-content\/uploads\/sites\/7\/2023\/05\/solar-house.svg\" class=\" uk-overlay-scale\" alt=\"Nez\u00e1v\u00e4zn\u00e1 cenov\u00e1 ponuka\"><\/div>\n            \n            \n            \n            \n            \n        <\/div>\n    <\/div>\n\n\n    <div>\n        <div class=\"uk-panel uk-panel-box\">\n\n            \n            \n            \n            \n                        <h3 class=\"uk-panel-title\">\n\n                                    Technick\u00e1 spr\u00e1va syst\u00e9mu                \n                \n            <\/h3>\n            \n            \n                        <div class=\"uk-margin uk-text-center\"><img decoding=\"async\" src=\"\/jut-energie\/wp-content\/uploads\/sites\/7\/2023\/05\/technical-service.svg\" class=\" uk-overlay-scale\" alt=\"Technick\u00e1 spr\u00e1va syst\u00e9mu\"><\/div>\n            \n            \n            \n            \n            \n        <\/div>\n    <\/div>\n\n\n    <div>\n        <div class=\"uk-panel uk-panel-box\">\n\n            \n            \n            \n            \n                        <h3 class=\"uk-panel-title\">\n\n                                    Sk\u00fasenosti s mont\u00e1\u017e\u00ed z cel\u00e9ho sveta                \n                \n            <\/h3>\n            \n            \n                        <div class=\"uk-margin uk-text-center\"><img decoding=\"async\" src=\"\/jut-energie\/wp-content\/uploads\/sites\/7\/2023\/05\/ecology.svg\" class=\" uk-overlay-scale\" alt=\"Sk\u00fasenosti s mont\u00e1\u017e\u00ed z cel\u00e9ho sveta\"><\/div>\n            \n            \n            \n            \n            \n        <\/div>\n    <\/div>\n\n\n<\/div>\n\n<script>\n(function($){\n\n    \/\/ get the images of the gallery and replace it by a canvas of the same size to fix the problem with overlapping images on load.\n    $('img[width][height]:not(.uk-overlay-panel)', $('#wk-grid62c')).each(function() {\n\n        var $img = $(this);\n\n        if (this.width == 'auto' || this.height == 'auto' || !$img.is(':visible')) {\n            return;\n        }\n\n        var $canvas = $('<canvas class=\"uk-responsive-width\"><\/canvas>').attr({width:$img.attr('width'), height:$img.attr('height')}),\n            img = new Image,\n            release = function() {\n                $canvas.remove();\n                $img.css('display', '');\n                release = function(){};\n            };\n\n        $img.css('display', 'none').after($canvas);\n\n        $(img).on('load', function(){ release(); });\n        setTimeout(function(){ release(); }, 1000);\n\n        img.src = this.src;\n\n    });\n\n})(jQuery);\n<\/script>\n\r\n\r\n<div id=\"fotovoltika-od-jut\" class=\"uk-grid tm-margin-large\">\r\n<div class=\"uk-width-large-8-10 uk-width-medium-8-10 uk-width-small-1-1 uk-container-center \">\r\n\r\n<h2 class=\"h-jut-horizontal-line\" style=\"text-align: center;\">Fotovoltick\u00e1 elektr\u00e1re\u0148 od JUT<\/h2>\r\n\r\n<p style=\"text-align: justify; padding-top: 8px;\">\r\nPon\u00fakame V\u00e1m pln\u00fa technick\u00fa podpora pred, po\u010das i po realiz\u00e1cii, zabezpe\u010denie servisu po\u010das z\u00e1ruky i po nej, cenov\u00fa dostupnos\u0165 in\u0161tal\u00e1cie, zast\u00fapenie pri rie\u0161en\u00ed dot\u00e1cie zo \u0161t\u00e1tneho rozpo\u010dtu \u201cZelen\u00e1 Dom\u00e1cnostiam\u201d, v\u00fdpo\u010det n\u00e1vratnosti, vypracovanie nez\u00e1v\u00e4znej cenovej ponuky, technick\u00fa spr\u00e1vu cel\u00e9ho syst\u00e9mu a rev\u00edzie.\r\n<\/p>\r\n\r\n<\/div>\r\n<\/div>\r\n\r\n\r\n\r\n\r\n<div class=\"uk-grid jut-windows jut-windows-energie-grid\">\r\n\r\n<div class=\"uk-width-large-1-2 uk-width-medium-1-2 uk-width-small-1-1 uk-grid-margin\">\r\n<div class=\"uk-panel jut-window-energie-domacnosti\">\r\n<div class=\"jut-window-image\">\u00a0<\/div>\r\n<div class=\"jut-window-gradient\">\u00a0<\/div>\r\n<div class=\"jut-window-caption\">\r\n<h2 class=\"jut-window-title\">Fotovoltika pre dom\u00e1cnosti<\/h2>\r\n<\/div>\r\n<div class=\"jut-window-icon\">\r\n<img loading=\"lazy\" decoding=\"async\" src=\"https:\/\/jut.sk\/jut-energie\/wp-content\/uploads\/sites\/7\/2023\/05\/solar-energy.svg\" alt=\"\" width=\"140\" height=\"140\" class=\"aligncenter size-full wp-image-89\" \/>\t\r\n<\/div>\r\n<p>Viac inform\u00e1ci\u00ed <img decoding=\"async\" class=\"jut-sipka-window-right\" src=\"https:\/\/jut.sk\/wp-content\/uploads\/2019\/10\/arrow-right-white.svg\" \/><\/p>\r\n<a class=\"uk-position-cover uk-position-z-index\" href=\"https:\/\/jut.sk\/jut-energie\/fotovoltika-pre-domacnosti\/\"><\/a><\/div>\r\n<\/div>\r\n\r\n<div class=\"uk-width-large-1-2 uk-width-medium-1-2 uk-width-small-1-1 uk-grid-margin\">\r\n<div class=\"uk-panel jut-window-energie-firmy\">\r\n<div class=\"jut-window-image\">\u00a0<\/div>\r\n<div class=\"jut-window-gradient\">\u00a0<\/div>\r\n<div class=\"jut-window-caption\">\r\n<h2 class=\"jut-window-title\">Fotovoltika pre firmy<\/h2>\r\n<\/div>\r\n<div class=\"jut-window-icon\">\r\n<img loading=\"lazy\" decoding=\"async\" src=\"https:\/\/jut.sk\/jut-energie\/wp-content\/uploads\/sites\/7\/2023\/05\/factory.svg\" alt=\"\" width=\"140\" height=\"140\" class=\"aligncenter size-full wp-image-90\" \/>\r\n<\/div>\r\n<p>Viac inform\u00e1ci\u00ed <img decoding=\"async\" class=\"jut-sipka-window-right\" src=\"https:\/\/jut.sk\/wp-content\/uploads\/2019\/10\/arrow-right-white.svg\" \/><\/p>\r\n<a class=\"uk-position-cover uk-position-z-index\" href=\"https:\/\/jut.sk\/jut-energie\/fotovoltika-pre-firmy\/\"><\/a><\/div>\r\n<\/div>\r\n\r\n<\/div>\r\n\r\n","protected":false},"excerpt":{"rendered":"<p>Fotovoltick\u00e1 elektr\u00e1re\u0148 od JUT Pon\u00fakame V\u00e1m pln\u00fa technick\u00fa podpora pred, po\u010das i po realiz\u00e1cii, zabezpe\u010denie servisu po\u010das z\u00e1ruky i po nej, cenov\u00fa dostupnos\u0165 in\u0161tal\u00e1cie, zast\u00fapenie pri rie\u0161en\u00ed dot\u00e1cie zo \u0161t\u00e1tneho rozpo\u010dtu \u201cZelen\u00e1 Dom\u00e1cnostiam\u201d, v\u00fdpo\u010det n\u00e1vratnosti, vypracovanie nez\u00e1v\u00e4znej cenovej ponuky, technick\u00fa spr\u00e1vu cel\u00e9ho syst\u00e9mu a rev\u00edzie. \u00a0 \u00a0 Fotovoltika pre dom\u00e1cnosti Viac inform\u00e1ci\u00ed \u00a0 \u00a0 Fotovoltika [&hellip;]<\/p>\n","protected":false},"author":1,"featured_media":0,"parent":0,"menu_order":0,"comment_status":"closed","ping_status":"closed","template":"","meta":{"inline_featured_image":false,"mrp_rating_form_position":"","mrp_rating_results_position":"","mrp_structured_data_type":"","mrp_allow_anonymous":"","mrp_rating_form_id":"","footnotes":""},"multi-rating-pro":{"rating_form":0},"_links":{"self":[{"href":"https:\/\/jut.sk\/jut-energie\/wp-json\/wp\/v2\/pages\/4"}],"collection":[{"href":"https:\/\/jut.sk\/jut-energie\/wp-json\/wp\/v2\/pages"}],"about":[{"href":"https:\/\/jut.sk\/jut-energie\/wp-json\/wp\/v2\/types\/page"}],"author":[{"embeddable":true,"href":"https:\/\/jut.sk\/jut-energie\/wp-json\/wp\/v2\/users\/1"}],"replies":[{"embeddable":true,"href":"https:\/\/jut.sk\/jut-energie\/wp-json\/wp\/v2\/comments?post=4"}],"version-history":[{"count":32,"href":"https:\/\/jut.sk\/jut-energie\/wp-json\/wp\/v2\/pages\/4\/revisions"}],"predecessor-version":[{"id":201,"href":"https:\/\/jut.sk\/jut-energie\/wp-json\/wp\/v2\/pages\/4\/revisions\/201"}],"wp:attachment":[{"href":"https:\/\/jut.sk\/jut-energie\/wp-json\/wp\/v2\/media?parent=4"}],"curies":[{"name":"wp","href":"https:\/\/api.w.org\/{rel}","templated":true}]}}