{"id":2982,"date":"2020-04-27T12:34:57","date_gmt":"2020-04-27T10:34:57","guid":{"rendered":"http:\/\/jut.sk\/jut-elstav\/?page_id=2982"},"modified":"2020-04-28T10:17:32","modified_gmt":"2020-04-28T08:17:32","slug":"defstav","status":"publish","type":"page","link":"https:\/\/jut.sk\/jut-elstav\/de\/referenzen\/defstav\/","title":{"rendered":"DEFSTAV"},"content":{"rendered":"<div class=\"uk-grid uk-grid-large\">\r\n<div class=\"uk-width-large-2-10 jut-elstav-klient-logo\"><img loading=\"lazy\" decoding=\"async\" src=\"https:\/\/jut.sk\/jut-elstav\/wp-content\/uploads\/sites\/5\/2020\/01\/defstav.jpg\" alt=\"\" width=\"400\" height=\"400\" class=\"alignnone size-full wp-image-2697\" srcset=\"https:\/\/jut.sk\/jut-elstav\/wp-content\/uploads\/sites\/5\/2020\/01\/defstav.jpg 400w, https:\/\/jut.sk\/jut-elstav\/wp-content\/uploads\/sites\/5\/2020\/01\/defstav-300x300.jpg 300w, https:\/\/jut.sk\/jut-elstav\/wp-content\/uploads\/sites\/5\/2020\/01\/defstav-150x150.jpg 150w, https:\/\/jut.sk\/jut-elstav\/wp-content\/uploads\/sites\/5\/2020\/01\/defstav-100x100.jpg 100w\" sizes=\"(max-width: 400px) 100vw, 400px\" \/><\/div>\r\n<div class=\"uk-width-large-8-10 uk-margin jut-elstav-klient-content\">\r\n<h1 class=\"h2-red-left-line\">DEFSTAV<\/h1>\r\n<p class=\"uk-text-justify\">\r\nGesellschaft besch\u00e4ftigt sich kaufm\u00e4nnischer T\u00e4tigkeit im Hochbauten- und Verkehrgebiet, Rekultivation, Rekonstruktion und Demolation, Abladerung und Bodenanbauten. \r\n<\/p>\r\n<p><a class=\"uk-link jut-elstav-ref-page-link\" href=\"https:\/\/www.defstav.cz\/\" target=\"_blank\" rel=\"noopener noreferrer\"><br \/>\r\nwww.defstav.cz<img decoding=\"async\" src=\"https:\/\/jut.sk\/jut-elstav\/wp-content\/themes\/yoo_luna_wp\/styles\/jut\/images\/icon-arrow-right.svg\" alt=\"\" \/><br \/>\r\n<\/a><\/p>\r\n<h3 class=\"h3-red-left-line uk-margin-large-top\">Schauen Sie die Referenzprojekte unserer Gesellschaft realisiert an:<\/h3>\r\n\n\n<div id=\"wk-grid8f2\" class=\"uk-grid-width-1-1 uk-grid-width-small-1-2 uk-grid-width-large-1-4 uk-grid uk-grid-match jutelstav-galeria\" data-uk-grid-match=\"{target:'> div > .uk-panel', row:true}\" data-uk-grid-margin  data-uk-scrollspy=\"{cls:'uk-animation-scale-up uk-invisible', target:'> div > .uk-panel', delay:300}\">\n\n    \n    <div>\n    \n<div class=\"uk-panel uk-invisible\">\n\n    <div class=\"uk-panel-teaser\">\n\n        <figure class=\"uk-overlay uk-overlay-hover \">\n\n            <img loading=\"lazy\" decoding=\"async\" src=\"\/jut-elstav\/wp-content\/uploads\/sites\/5\/2020\/01\/jut-elstav-copy-45.jpg\" class=\"uk-overlay-fade\" alt=\"B5, Kyritz (D)\" width=\"1000\" height=\"750\">\n            \n                        <div class=\"uk-overlay-panel uk-overlay-background uk-overlay-fade\"><\/div>\n            \n                            <div class=\"uk-overlay-panel uk-overlay-icon uk-overlay-fade\"><\/div>\n            \n                                                                        <a class=\"uk-position-cover\" href=\"#wk-38f2\" data-index=\"0\" data-uk-modal title=\"8-11\/2018 cestn&yacute; most B5 s&nbsp;cyklotrasami cez \u017eelezni\u010dn&uacute; tra\u0165 Kyritz, Kyritz \"><\/a>\n                                                \n        <\/figure>\n\n    <\/div>\n\n    \n                <h3 class=\"uk-h5 uk-margin-bottom-remove\">B5, Kyritz (D)<\/h3>\n        \n        \n    \n<\/div>\n    <\/div>\n\n        \n    <div>\n    \n<div class=\"uk-panel uk-invisible\">\n\n    <div class=\"uk-panel-teaser\">\n\n        <figure class=\"uk-overlay uk-overlay-hover \">\n\n            <img loading=\"lazy\" decoding=\"async\" src=\"\/jut-elstav\/wp-content\/uploads\/sites\/5\/2020\/01\/jut-elstav-copy-52.jpg\" class=\"uk-overlay-fade\" alt=\"Valy - P\u0159elou\u010d (CZ)\" width=\"1000\" height=\"750\">\n            \n                        <div class=\"uk-overlay-panel uk-overlay-background uk-overlay-fade\"><\/div>\n            \n                            <div class=\"uk-overlay-panel uk-overlay-icon uk-overlay-fade\"><\/div>\n            \n                                                                        <a class=\"uk-position-cover\" href=\"#wk-38f2\" data-index=\"1\" data-uk-modal title=\"7-11\/2019 rekon&scaron;trukcia mosta triedy III, \u010d. 32 219 nad riekou Labe medzi obcami Valy a P\u0159elou\u010d &ndash; Pardubice \"><\/a>\n                                                \n        <\/figure>\n\n    <\/div>\n\n    \n                <h3 class=\"uk-h5 uk-margin-bottom-remove\">Valy - P\u0159elou\u010d (CZ)<\/h3>\n        \n        \n    \n<\/div>\n    <\/div>\n\n    \n<\/div>\n\n<div id=\"wk-38f2\" class=\"uk-modal\">\n    <div class=\"uk-modal-dialog uk-modal-dialog-blank\">\n\n        <button class=\"uk-modal-close uk-close\" type=\"button\"><\/button>\n\n        <div class=\"uk-grid\" data-uk-grid-margin>\n            <div class=\"uk-width-large-1-2 uk-text-center\">\n\n                <div class=\"uk-slidenav-position\" data-uk-slideshow data-uk-check-display>\n                    <ul class=\"uk-slideshow uk-slideshow-fullscreen\">\n                        \n                            <li>\n                                <img decoding=\"async\" src=\"\/jut-elstav\/wp-content\/plugins\/widgetkit\/cache\/jut-elstav-copy-45-d6faf90b25ba862852c8986dc8f6cc68.jpg\" alt=\"B5, Kyritz (D)\">                            <\/li>\n\n                        \n                            <li>\n                                <img decoding=\"async\" src=\"\/jut-elstav\/wp-content\/plugins\/widgetkit\/cache\/jut-elstav-copy-52-e11afe652f2c0adfe16e76885471815a.jpg\" alt=\"Valy - P\u0159elou\u010d (CZ)\">                            <\/li>\n\n                                            <\/ul>\n\n                    <a href=\"#\" class=\"uk-slidenav uk-slidenav-contrast uk-slidenav-previous uk-hidden-touch\" data-uk-slideshow-item=\"previous\"><\/a>\n                    <a href=\"#\" class=\"uk-slidenav uk-slidenav-contrast uk-slidenav-next uk-hidden-touch\" data-uk-slideshow-item=\"next\"><\/a>\n\n                <\/div>\n            <\/div>\n            <div class=\"uk-width-large-1-2 test-class uk-flex uk-flex-middle uk-flex-center\">\n\n                <div class=\"uk-panel-body uk-width-1-1 \" data-uk-slideshow data-uk-check-display>\n                    <ul class=\"uk-slideshow\">\n                                                <li>\n\n                                                        <h3 class=\"uk-h2\">B5, Kyritz (D)<\/h3>\n                            \n                                                        <div class=\"uk-margin-top \"><p><span data-sheets-value=\"{&quot;1&quot;:2,&quot;2&quot;:&quot;8-11\/2018 cestn&yacute; most B5 s&nbsp;cyklotrasami cez \u017eelezni\u010dn&uacute; tra\u0165 Kyritz, Kyritz &quot;}\" data-sheets-userformat=\"{&quot;2&quot;:14465,&quot;3&quot;:{&quot;1&quot;:1},&quot;10&quot;:1,&quot;14&quot;:[null,2,2503224],&quot;15&quot;:&quot;Arial&quot;,&quot;16&quot;:11}\">8-11\/2018 cestn&yacute; most B5 s&nbsp;cyklotrasami cez \u017eelezni\u010dn&uacute; tra\u0165 Kyritz, Kyritz <\/span><\/p><\/div>\n                            \n                            \n                        <\/li>\n                                            <li>\n\n                                                        <h3 class=\"uk-h2\">Valy - P\u0159elou\u010d (CZ)<\/h3>\n                            \n                                                        <div class=\"uk-margin-top \"><p><span data-sheets-value=\"{&quot;1&quot;:2,&quot;2&quot;:&quot;7-9\/2019 rekon&scaron;trukcia mosta triedy III, \u010d. 32 219 nad riekou Labe medzi obcami Valy a&nbsp;P\u0159elou\u010d &ndash; Pardubice &quot;}\" data-sheets-userformat=\"{&quot;2&quot;:14465,&quot;3&quot;:{&quot;1&quot;:1},&quot;10&quot;:1,&quot;14&quot;:[null,2,2503224],&quot;15&quot;:&quot;Arial&quot;,&quot;16&quot;:11}\">7-11\/2019 rekon&scaron;trukcia mosta triedy III, \u010d. 32 219 nad riekou Labe medzi obcami Valy a P\u0159elou\u010d &ndash; Pardubice <\/span><\/p><\/div>\n                            \n                            \n                        <\/li>\n                                        <\/ul>\n\n                    <div class=\"uk-margin-top\">\n                        <ul class=\"uk-thumbnav uk-margin-bottom-remove\">\n                                                    <li data-uk-slideshow-item=\"0\"><a href=\"#\"><img loading=\"lazy\" decoding=\"async\" src=\"\/jut-elstav\/wp-content\/plugins\/widgetkit\/cache\/jut-elstav-copy-45-f714398b1af3b9aa92df0593ed0d0601.jpg\" alt=\"B5, Kyritz (D)\" width=\"160\" height=\"120\"><\/a><\/li>\n                                                    <li data-uk-slideshow-item=\"1\"><a href=\"#\"><img loading=\"lazy\" decoding=\"async\" src=\"\/jut-elstav\/wp-content\/plugins\/widgetkit\/cache\/jut-elstav-copy-52-5b5c75afa92ef2b34ff43c62f8db63ae.jpg\" alt=\"Valy - P\u0159elou\u010d (CZ)\" width=\"160\" height=\"120\"><\/a><\/li>\n                                                <\/ul>\n                    <\/div>\n                <\/div>\n\n            <\/div>\n        <\/div>\n\n    <\/div>\n<\/div>\n\n<script>\n    (function($){\n\n        var modal      = $('#wk-38f2'),\n            container  = modal.prev(),\n            slideshows = modal.find('[data-uk-slideshow]'),\n            slideshow;\n\n        container.on('click', '[href^=\"#wk-\"][data-uk-modal]', function(e) {\n            slideshows.each(function(){\n\n                slideshow = $(this).data('slideshow');\n                slideshow.show(parseInt(e.target.getAttribute('data-index'), 10));\n            });\n        });\n\n        modal.on('beforeshow.uk.slideshow', function(e, next) {\n            slideshows.not(next.closest('[data-uk-slideshow]')[0]).data('slideshow').show(next.index());\n        });\n\n    })(jQuery);\n<\/script>\n\n<script>\n(function($){\n\n    \/\/ get the images of the gallery and replace it by a canvas of the same size to fix the problem with overlapping images on load.\n    $('img[width][height]:not(.uk-overlay-panel)', $('#wk-grid8f2')).each(function() {\n\n        var $img = $(this);\n\n        if (this.width == 'auto' || this.height == 'auto' || !$img.is(':visible')) {\n            return;\n        }\n\n        var $canvas = $('<canvas class=\"uk-responsive-width\"><\/canvas>').attr({width:$img.attr('width'), height:$img.attr('height')}),\n            img = new Image,\n            release = function() {\n                $canvas.remove();\n                $img.css('display', '');\n                release = function(){};\n            };\n\n        $img.css('display', 'none').after($canvas);\n\n        $(img).on('load', function(){ release(); });\n        setTimeout(function(){ release(); }, 1000);\n\n        img.src = this.src;\n\n    });\n\n})(jQuery);\n<\/script>\n\r\n\r\n\r\n<\/div>\r\n<\/div>\r\n<p>&nbsp;<\/p>\r\n<p>&nbsp;<\/p>","protected":false},"excerpt":{"rendered":"<p>DEFSTAV Gesellschaft besch\u00e4ftigt sich kaufm\u00e4nnischer T\u00e4tigkeit im Hochbauten- und Verkehrgebiet, Rekultivation, Rekonstruktion und Demolation, Abladerung und Bodenanbauten. www.defstav.cz Schauen Sie die Referenzprojekte unserer Gesellschaft realisiert an: &nbsp; &nbsp;<\/p>\n","protected":false},"author":1,"featured_media":0,"parent":3002,"menu_order":0,"comment_status":"closed","ping_status":"closed","template":"","meta":{"inline_featured_image":false,"mrp_rating_form_position":"","mrp_rating_results_position":"","mrp_structured_data_type":"","mrp_allow_anonymous":"","mrp_rating_form_id":"","footnotes":""},"multi-rating-pro":{"mrp_rating_result_1":[],"rating_form":1},"_links":{"self":[{"href":"https:\/\/jut.sk\/jut-elstav\/wp-json\/wp\/v2\/pages\/2982"}],"collection":[{"href":"https:\/\/jut.sk\/jut-elstav\/wp-json\/wp\/v2\/pages"}],"about":[{"href":"https:\/\/jut.sk\/jut-elstav\/wp-json\/wp\/v2\/types\/page"}],"author":[{"embeddable":true,"href":"https:\/\/jut.sk\/jut-elstav\/wp-json\/wp\/v2\/users\/1"}],"replies":[{"embeddable":true,"href":"https:\/\/jut.sk\/jut-elstav\/wp-json\/wp\/v2\/comments?post=2982"}],"version-history":[{"count":2,"href":"https:\/\/jut.sk\/jut-elstav\/wp-json\/wp\/v2\/pages\/2982\/revisions"}],"predecessor-version":[{"id":3081,"href":"https:\/\/jut.sk\/jut-elstav\/wp-json\/wp\/v2\/pages\/2982\/revisions\/3081"}],"up":[{"embeddable":true,"href":"https:\/\/jut.sk\/jut-elstav\/wp-json\/wp\/v2\/pages\/3002"}],"wp:attachment":[{"href":"https:\/\/jut.sk\/jut-elstav\/wp-json\/wp\/v2\/media?parent=2982"}],"curies":[{"name":"wp","href":"https:\/\/api.w.org\/{rel}","templated":true}]}}

<div class="uk-grid uk-grid-large">
<div class="uk-width-large-2-10 jut-elstav-klient-logo"><img loading="lazy" decoding="async" src="https://jut.sk/jut-elstav/wp-content/uploads/sites/5/2020/01/defstav.jpg" alt="" width="400" height="400" class="alignnone size-full wp-image-2697" srcset="https://jut.sk/jut-elstav/wp-content/uploads/sites/5/2020/01/defstav.jpg 400w, https://jut.sk/jut-elstav/wp-content/uploads/sites/5/2020/01/defstav-300x300.jpg 300w, https://jut.sk/jut-elstav/wp-content/uploads/sites/5/2020/01/defstav-150x150.jpg 150w, https://jut.sk/jut-elstav/wp-content/uploads/sites/5/2020/01/defstav-100x100.jpg 100w" sizes="(max-width: 400px) 100vw, 400px" /></div>
<div class="uk-width-large-8-10 uk-margin jut-elstav-klient-content">
<h1 class="h2-red-left-line">DEFSTAV</h1>
<p class="uk-text-justify">
Gesellschaft beschäftigt sich kaufmännischer Tätigkeit im Hochbauten- und Verkehrgebiet, Rekultivation, Rekonstruktion und Demolation, Abladerung und Bodenanbauten. 
</p>
<p><a class="uk-link jut-elstav-ref-page-link" href="https://www.defstav.cz/" target="_blank" rel="noopener noreferrer"><br />
www.defstav.cz<img decoding="async" src="https://jut.sk/jut-elstav/wp-content/themes/yoo_luna_wp/styles/jut/images/icon-arrow-right.svg" alt="" /><br />
</a></p>
<h3 class="h3-red-left-line uk-margin-large-top">Schauen Sie die Referenzprojekte unserer Gesellschaft realisiert an:</h3>


<div id="wk-grid8f2" class="uk-grid-width-1-1 uk-grid-width-small-1-2 uk-grid-width-large-1-4 uk-grid uk-grid-match jutelstav-galeria" data-uk-grid-match="{target:'> div > .uk-panel', row:true}" data-uk-grid-margin  data-uk-scrollspy="{cls:'uk-animation-scale-up uk-invisible', target:'> div > .uk-panel', delay:300}">

    
    <div>
    
<div class="uk-panel uk-invisible">

    <div class="uk-panel-teaser">

        <figure class="uk-overlay uk-overlay-hover ">

            <img loading="lazy" decoding="async" src="/jut-elstav/wp-content/uploads/sites/5/2020/01/jut-elstav-copy-45.jpg" class="uk-overlay-fade" alt="B5, Kyritz (D)" width="1000" height="750">
            
                        <div class="uk-overlay-panel uk-overlay-background uk-overlay-fade"></div>
            
                            <div class="uk-overlay-panel uk-overlay-icon uk-overlay-fade"></div>
            
                                                                        <a class="uk-position-cover" href="#wk-38f2" data-index="0" data-uk-modal title="8-11/2018 cestn&yacute; most B5 s&nbsp;cyklotrasami cez železničn&uacute; trať Kyritz, Kyritz "></a>
                                                
        </figure>

    </div>

    
                <h3 class="uk-h5 uk-margin-bottom-remove">B5, Kyritz (D)</h3>
        
        
    
</div>
    </div>

        
    <div>
    
<div class="uk-panel uk-invisible">

    <div class="uk-panel-teaser">

        <figure class="uk-overlay uk-overlay-hover ">

            <img loading="lazy" decoding="async" src="/jut-elstav/wp-content/uploads/sites/5/2020/01/jut-elstav-copy-52.jpg" class="uk-overlay-fade" alt="Valy - Přelouč (CZ)" width="1000" height="750">
            
                        <div class="uk-overlay-panel uk-overlay-background uk-overlay-fade"></div>
            
                            <div class="uk-overlay-panel uk-overlay-icon uk-overlay-fade"></div>
            
                                                                        <a class="uk-position-cover" href="#wk-38f2" data-index="1" data-uk-modal title="7-11/2019 rekon&scaron;trukcia mosta triedy III, č. 32 219 nad riekou Labe medzi obcami Valy a Přelouč &ndash; Pardubice "></a>
                                                
        </figure>

    </div>

    
                <h3 class="uk-h5 uk-margin-bottom-remove">Valy - Přelouč (CZ)</h3>
        
        
    
</div>
    </div>

    
</div>

<div id="wk-38f2" class="uk-modal">
    <div class="uk-modal-dialog uk-modal-dialog-blank">

        <button class="uk-modal-close uk-close" type="button"></button>

        <div class="uk-grid" data-uk-grid-margin>
            <div class="uk-width-large-1-2 uk-text-center">

                <div class="uk-slidenav-position" data-uk-slideshow data-uk-check-display>
                    <ul class="uk-slideshow uk-slideshow-fullscreen">
                        
                            <li>
                                <img decoding="async" src="/jut-elstav/wp-content/plugins/widgetkit/cache/jut-elstav-copy-45-d6faf90b25ba862852c8986dc8f6cc68.jpg" alt="B5, Kyritz (D)">                            </li>

                        
                            <li>
                                <img decoding="async" src="/jut-elstav/wp-content/plugins/widgetkit/cache/jut-elstav-copy-52-e11afe652f2c0adfe16e76885471815a.jpg" alt="Valy - Přelouč (CZ)">                            </li>

                                            </ul>

                    <a href="#" class="uk-slidenav uk-slidenav-contrast uk-slidenav-previous uk-hidden-touch" data-uk-slideshow-item="previous"></a>
                    <a href="#" class="uk-slidenav uk-slidenav-contrast uk-slidenav-next uk-hidden-touch" data-uk-slideshow-item="next"></a>

                </div>
            </div>
            <div class="uk-width-large-1-2 test-class uk-flex uk-flex-middle uk-flex-center">

                <div class="uk-panel-body uk-width-1-1 " data-uk-slideshow data-uk-check-display>
                    <ul class="uk-slideshow">
                                                <li>

                                                        <h3 class="uk-h2">B5, Kyritz (D)</h3>
                            
                                                        <div class="uk-margin-top "><p><span data-sheets-value="{&quot;1&quot;:2,&quot;2&quot;:&quot;8-11/2018 cestn&yacute; most B5 s&nbsp;cyklotrasami cez železničn&uacute; trať Kyritz, Kyritz &quot;}" data-sheets-userformat="{&quot;2&quot;:14465,&quot;3&quot;:{&quot;1&quot;:1},&quot;10&quot;:1,&quot;14&quot;:[null,2,2503224],&quot;15&quot;:&quot;Arial&quot;,&quot;16&quot;:11}">8-11/2018 cestn&yacute; most B5 s&nbsp;cyklotrasami cez železničn&uacute; trať Kyritz, Kyritz </span></p></div>
                            
                            
                        </li>
                                            <li>

                                                        <h3 class="uk-h2">Valy - Přelouč (CZ)</h3>
                            
                                                        <div class="uk-margin-top "><p><span data-sheets-value="{&quot;1&quot;:2,&quot;2&quot;:&quot;7-9/2019 rekon&scaron;trukcia mosta triedy III, č. 32 219 nad riekou Labe medzi obcami Valy a&nbsp;Přelouč &ndash; Pardubice &quot;}" data-sheets-userformat="{&quot;2&quot;:14465,&quot;3&quot;:{&quot;1&quot;:1},&quot;10&quot;:1,&quot;14&quot;:[null,2,2503224],&quot;15&quot;:&quot;Arial&quot;,&quot;16&quot;:11}">7-11/2019 rekon&scaron;trukcia mosta triedy III, č. 32 219 nad riekou Labe medzi obcami Valy a Přelouč &ndash; Pardubice </span></p></div>
                            
                            
                        </li>
                                        </ul>

                    <div class="uk-margin-top">
                        <ul class="uk-thumbnav uk-margin-bottom-remove">
                                                    <li data-uk-slideshow-item="0"><a href="#"><img loading="lazy" decoding="async" src="/jut-elstav/wp-content/plugins/widgetkit/cache/jut-elstav-copy-45-f714398b1af3b9aa92df0593ed0d0601.jpg" alt="B5, Kyritz (D)" width="160" height="120"></a></li>
                                                    <li data-uk-slideshow-item="1"><a href="#"><img loading="lazy" decoding="async" src="/jut-elstav/wp-content/plugins/widgetkit/cache/jut-elstav-copy-52-5b5c75afa92ef2b34ff43c62f8db63ae.jpg" alt="Valy - Přelouč (CZ)" width="160" height="120"></a></li>
                                                </ul>
                    </div>
                </div>

            </div>
        </div>

    </div>
</div>

<script>
    (function($){

        var modal      = $('#wk-38f2'),
            container  = modal.prev(),
            slideshows = modal.find('[data-uk-slideshow]'),
            slideshow;

        container.on('click', '[href^="#wk-"][data-uk-modal]', function(e) {
            slideshows.each(function(){

                slideshow = $(this).data('slideshow');
                slideshow.show(parseInt(e.target.getAttribute('data-index'), 10));
            });
        });

        modal.on('beforeshow.uk.slideshow', function(e, next) {
            slideshows.not(next.closest('[data-uk-slideshow]')[0]).data('slideshow').show(next.index());
        });

    })(jQuery);
</script>

<script>
(function($){

    // get the images of the gallery and replace it by a canvas of the same size to fix the problem with overlapping images on load.
    $('img[width][height]:not(.uk-overlay-panel)', $('#wk-grid8f2')).each(function() {

        var $img = $(this);

        if (this.width == 'auto' || this.height == 'auto' || !$img.is(':visible')) {
            return;
        }

        var $canvas = $('<canvas class="uk-responsive-width"></canvas>').attr({width:$img.attr('width'), height:$img.attr('height')}),
            img = new Image,
            release = function() {
                $canvas.remove();
                $img.css('display', '');
                release = function(){};
            };

        $img.css('display', 'none').after($canvas);

        $(img).on('load', function(){ release(); });
        setTimeout(function(){ release(); }, 1000);

        img.src = this.src;

    });

})(jQuery);
</script>



</div>
</div>
<p>&nbsp;</p>
<p>&nbsp;</p>

<p>DEFSTAV Gesellschaft beschäftigt sich kaufmännischer Tätigkeit im Hochbauten- und Verkehrgebiet, Rekultivation, Rekonstruktion und Demolation, Abladerung und Bodenanbauten. www.defstav.cz Schauen Sie die Referenzprojekte unserer Gesellschaft realisiert an: &nbsp; &nbsp;</p>
