{"id":2880,"date":"2020-01-16T11:48:42","date_gmt":"2020-01-16T10:48:42","guid":{"rendered":"http:\/\/jut.sk\/jut-elstav\/?page_id=2880"},"modified":"2020-01-16T13:58:10","modified_gmt":"2020-01-16T12:58:10","slug":"subterra","status":"publish","type":"page","link":"https:\/\/jut.sk\/jut-elstav\/referencie\/subterra\/","title":{"rendered":"Subterra"},"content":{"rendered":"<div class=\"uk-grid uk-grid-large\">\r\n<div class=\"uk-width-large-2-10 jut-elstav-klient-logo\"><img loading=\"lazy\" decoding=\"async\" src=\"https:\/\/jut.sk\/jut-elstav\/wp-content\/uploads\/sites\/5\/2020\/01\/subterra.jpg\" alt=\"\" width=\"400\" height=\"400\" class=\"alignnone size-full wp-image-2706\" srcset=\"https:\/\/jut.sk\/jut-elstav\/wp-content\/uploads\/sites\/5\/2020\/01\/subterra.jpg 400w, https:\/\/jut.sk\/jut-elstav\/wp-content\/uploads\/sites\/5\/2020\/01\/subterra-300x300.jpg 300w, https:\/\/jut.sk\/jut-elstav\/wp-content\/uploads\/sites\/5\/2020\/01\/subterra-150x150.jpg 150w, https:\/\/jut.sk\/jut-elstav\/wp-content\/uploads\/sites\/5\/2020\/01\/subterra-100x100.jpg 100w\" sizes=\"(max-width: 400px) 100vw, 400px\" \/><\/div>\r\n<div class=\"uk-width-large-8-10 uk-margin jut-elstav-klient-content\">\r\n<h1 class=\"h2-red-left-line\">Subterra<\/h1>\r\n<p class=\"uk-text-justify\">\r\nSpolo\u010dnos\u0165 realizuje predov\u0161etk\u00fdm podzemn\u00e9, pozemn\u00e9 a dopravn\u00e9 stavby a technick\u00e9 zariadenia budov. Okrem \u010ceska spolo\u010dnos\u0165 p\u00f4sob\u00ed tie\u017e na Slovensku, v Ma\u010farsku, Nemecku a \u0160v\u00e9dsku, kde sa podie\u013eaj\u00fa na  projektoch v oblasti infra\u0161trukt\u00fary.\r\n<\/p>\r\n<p><a class=\"uk-link jut-elstav-ref-page-link\" href=\"https:\/\/www.subterra.cz\" target=\"_blank\" rel=\"noopener noreferrer\">\r\nwww.subterra.cz<img decoding=\"async\" src=\"https:\/\/jut.sk\/jut-elstav\/wp-content\/themes\/yoo_luna_wp\/styles\/jut\/images\/icon-arrow-right.svg\" alt=\"\" \/><br \/>\r\n<\/a><\/p>\r\n<h3 class=\"h3-red-left-line uk-margin-large-top\">Pozrite si referen\u010dn\u00e9 projekty realizovan\u00e9 na\u0161ou spolo\u010dnos\u0165ou<\/h3>\r\n\n\n<div id=\"wk-grid25f\" class=\"uk-grid-width-1-1 uk-grid-width-small-1-2 uk-grid-width-large-1-4 uk-grid uk-grid-match jutelstav-galeria\" data-uk-grid-match=\"{target:'> div > .uk-panel', row:true}\" data-uk-grid-margin  data-uk-scrollspy=\"{cls:'uk-animation-scale-up uk-invisible', target:'> div > .uk-panel', delay:300}\">\n\n    \n    <div>\n    \n<div class=\"uk-panel uk-invisible\">\n\n    <div class=\"uk-panel-teaser\">\n\n        <figure class=\"uk-overlay uk-overlay-hover \">\n\n            <img loading=\"lazy\" decoding=\"async\" src=\"\/jut-elstav\/wp-content\/uploads\/sites\/5\/2020\/01\/jut-elstav-copy-14.jpg\" class=\"uk-overlay-fade\" alt=\"Brno (CZ)\" width=\"1000\" height=\"750\">\n            \n                        <div class=\"uk-overlay-panel uk-overlay-background uk-overlay-fade\"><\/div>\n            \n                            <div class=\"uk-overlay-panel uk-overlay-icon uk-overlay-fade\"><\/div>\n            \n                                                                        <a class=\"uk-position-cover\" href=\"#wk-325f\" data-index=\"0\" data-uk-modal title=\"8\/2015 rekonstrukce koleje \u010d. 2 trati 250, Brno &#8211; Kr\u00e1lovo Pole \u2013 Ku\u0159im \"><\/a>\n                                                \n        <\/figure>\n\n    <\/div>\n\n    \n                <h3 class=\"uk-h5 uk-margin-bottom-remove\">Brno (CZ)<\/h3>\n        \n        \n    \n<\/div>\n    <\/div>\n\n    \n<\/div>\n\n<div id=\"wk-325f\" class=\"uk-modal\">\n    <div class=\"uk-modal-dialog uk-modal-dialog-blank\">\n\n        <button class=\"uk-modal-close uk-close\" type=\"button\"><\/button>\n\n        <div class=\"uk-grid\" data-uk-grid-margin>\n            <div class=\"uk-width-large-1-2 uk-text-center\">\n\n                <div class=\"uk-slidenav-position\" data-uk-slideshow data-uk-check-display>\n                    <ul class=\"uk-slideshow uk-slideshow-fullscreen\">\n                        \n                            <li>\n                                <img decoding=\"async\" src=\"\/jut-elstav\/wp-content\/plugins\/widgetkit\/cache\/jut-elstav-copy-14-c3722b871d80dd6d03ae4dcc2a795312.jpg\" alt=\"Brno (CZ)\">                            <\/li>\n\n                                            <\/ul>\n\n                    <a href=\"#\" class=\"uk-slidenav uk-slidenav-contrast uk-slidenav-previous uk-hidden-touch\" data-uk-slideshow-item=\"previous\"><\/a>\n                    <a href=\"#\" class=\"uk-slidenav uk-slidenav-contrast uk-slidenav-next uk-hidden-touch\" data-uk-slideshow-item=\"next\"><\/a>\n\n                <\/div>\n            <\/div>\n            <div class=\"uk-width-large-1-2 test-class uk-flex uk-flex-middle uk-flex-center\">\n\n                <div class=\"uk-panel-body uk-width-1-1 \" data-uk-slideshow data-uk-check-display>\n                    <ul class=\"uk-slideshow\">\n                                                <li>\n\n                                                        <h3 class=\"uk-h2\">Brno (CZ)<\/h3>\n                            \n                                                        <div class=\"uk-margin-top \">8\/2015 rekonstrukce koleje \u010d. 2 trati 250, Brno &#8211; Kr\u00e1lovo Pole \u2013 Ku\u0159im <\/div>\n                            \n                            \n                        <\/li>\n                                        <\/ul>\n\n                    <div class=\"uk-margin-top\">\n                        <ul class=\"uk-thumbnav uk-margin-bottom-remove\">\n                                                    <li data-uk-slideshow-item=\"0\"><a href=\"#\"><img loading=\"lazy\" decoding=\"async\" src=\"\/jut-elstav\/wp-content\/plugins\/widgetkit\/cache\/jut-elstav-copy-14-859d0ce4595cbeea7af628735e7d26db.jpg\" alt=\"Brno (CZ)\" width=\"160\" height=\"120\"><\/a><\/li>\n                                                <\/ul>\n                    <\/div>\n                <\/div>\n\n            <\/div>\n        <\/div>\n\n    <\/div>\n<\/div>\n\n<script>\n    (function($){\n\n        var modal      = $('#wk-325f'),\n            container  = modal.prev(),\n            slideshows = modal.find('[data-uk-slideshow]'),\n            slideshow;\n\n        container.on('click', '[href^=\"#wk-\"][data-uk-modal]', function(e) {\n            slideshows.each(function(){\n\n                slideshow = $(this).data('slideshow');\n                slideshow.show(parseInt(e.target.getAttribute('data-index'), 10));\n            });\n        });\n\n        modal.on('beforeshow.uk.slideshow', function(e, next) {\n            slideshows.not(next.closest('[data-uk-slideshow]')[0]).data('slideshow').show(next.index());\n        });\n\n    })(jQuery);\n<\/script>\n\n<script>\n(function($){\n\n    \/\/ get the images of the gallery and replace it by a canvas of the same size to fix the problem with overlapping images on load.\n    $('img[width][height]:not(.uk-overlay-panel)', $('#wk-grid25f')).each(function() {\n\n        var $img = $(this);\n\n        if (this.width == 'auto' || this.height == 'auto' || !$img.is(':visible')) {\n            return;\n        }\n\n        var $canvas = $('<canvas class=\"uk-responsive-width\"><\/canvas>').attr({width:$img.attr('width'), height:$img.attr('height')}),\n            img = new Image,\n            release = function() {\n                $canvas.remove();\n                $img.css('display', '');\n                release = function(){};\n            };\n\n        $img.css('display', 'none').after($canvas);\n\n        $(img).on('load', function(){ release(); });\n        setTimeout(function(){ release(); }, 1000);\n\n        img.src = this.src;\n\n    });\n\n})(jQuery);\n<\/script>\n\r\n\r\n<\/div>\r\n<\/div>\r\n<p>&nbsp;<\/p>\r\n<p>&nbsp;<\/p>","protected":false},"excerpt":{"rendered":"<p>Subterra Spolo\u010dnos\u0165 realizuje predov\u0161etk\u00fdm podzemn\u00e9, pozemn\u00e9 a dopravn\u00e9 stavby a technick\u00e9 zariadenia budov. Okrem \u010ceska spolo\u010dnos\u0165 p\u00f4sob\u00ed tie\u017e na Slovensku, v Ma\u010farsku, Nemecku a \u0160v\u00e9dsku, kde sa podie\u013eaj\u00fa na projektoch v oblasti infra\u0161trukt\u00fary. www.subterra.cz Pozrite si referen\u010dn\u00e9 projekty realizovan\u00e9 na\u0161ou spolo\u010dnos\u0165ou &nbsp; &nbsp;<\/p>\n","protected":false},"author":1,"featured_media":0,"parent":14,"menu_order":0,"comment_status":"closed","ping_status":"closed","template":"","meta":{"inline_featured_image":false,"mrp_rating_form_position":"","mrp_rating_results_position":"","mrp_structured_data_type":"","mrp_allow_anonymous":"","mrp_rating_form_id":"","footnotes":""},"multi-rating-pro":{"mrp_rating_result_1":[],"rating_form":1},"_links":{"self":[{"href":"https:\/\/jut.sk\/jut-elstav\/wp-json\/wp\/v2\/pages\/2880"}],"collection":[{"href":"https:\/\/jut.sk\/jut-elstav\/wp-json\/wp\/v2\/pages"}],"about":[{"href":"https:\/\/jut.sk\/jut-elstav\/wp-json\/wp\/v2\/types\/page"}],"author":[{"embeddable":true,"href":"https:\/\/jut.sk\/jut-elstav\/wp-json\/wp\/v2\/users\/1"}],"replies":[{"embeddable":true,"href":"https:\/\/jut.sk\/jut-elstav\/wp-json\/wp\/v2\/comments?post=2880"}],"version-history":[{"count":2,"href":"https:\/\/jut.sk\/jut-elstav\/wp-json\/wp\/v2\/pages\/2880\/revisions"}],"predecessor-version":[{"id":2890,"href":"https:\/\/jut.sk\/jut-elstav\/wp-json\/wp\/v2\/pages\/2880\/revisions\/2890"}],"up":[{"embeddable":true,"href":"https:\/\/jut.sk\/jut-elstav\/wp-json\/wp\/v2\/pages\/14"}],"wp:attachment":[{"href":"https:\/\/jut.sk\/jut-elstav\/wp-json\/wp\/v2\/media?parent=2880"}],"curies":[{"name":"wp","href":"https:\/\/api.w.org\/{rel}","templated":true}]}}

<div class="uk-grid uk-grid-large">
<div class="uk-width-large-2-10 jut-elstav-klient-logo"><img loading="lazy" decoding="async" src="https://jut.sk/jut-elstav/wp-content/uploads/sites/5/2020/01/subterra.jpg" alt="" width="400" height="400" class="alignnone size-full wp-image-2706" srcset="https://jut.sk/jut-elstav/wp-content/uploads/sites/5/2020/01/subterra.jpg 400w, https://jut.sk/jut-elstav/wp-content/uploads/sites/5/2020/01/subterra-300x300.jpg 300w, https://jut.sk/jut-elstav/wp-content/uploads/sites/5/2020/01/subterra-150x150.jpg 150w, https://jut.sk/jut-elstav/wp-content/uploads/sites/5/2020/01/subterra-100x100.jpg 100w" sizes="(max-width: 400px) 100vw, 400px" /></div>
<div class="uk-width-large-8-10 uk-margin jut-elstav-klient-content">
<h1 class="h2-red-left-line">Subterra</h1>
<p class="uk-text-justify">
Spoločnosť realizuje predovšetkým podzemné, pozemné a dopravné stavby a technické zariadenia budov. Okrem Česka spoločnosť pôsobí tiež na Slovensku, v Maďarsku, Nemecku a Švédsku, kde sa podieľajú na  projektoch v oblasti infraštruktúry.
</p>
<p><a class="uk-link jut-elstav-ref-page-link" href="https://www.subterra.cz" target="_blank" rel="noopener noreferrer">
www.subterra.cz<img decoding="async" src="https://jut.sk/jut-elstav/wp-content/themes/yoo_luna_wp/styles/jut/images/icon-arrow-right.svg" alt="" /><br />
</a></p>
<h3 class="h3-red-left-line uk-margin-large-top">Pozrite si referenčné projekty realizované našou spoločnosťou</h3>


<div id="wk-grid25f" class="uk-grid-width-1-1 uk-grid-width-small-1-2 uk-grid-width-large-1-4 uk-grid uk-grid-match jutelstav-galeria" data-uk-grid-match="{target:'> div > .uk-panel', row:true}" data-uk-grid-margin  data-uk-scrollspy="{cls:'uk-animation-scale-up uk-invisible', target:'> div > .uk-panel', delay:300}">

    
    <div>
    
<div class="uk-panel uk-invisible">

    <div class="uk-panel-teaser">

        <figure class="uk-overlay uk-overlay-hover ">

            <img loading="lazy" decoding="async" src="/jut-elstav/wp-content/uploads/sites/5/2020/01/jut-elstav-copy-14.jpg" class="uk-overlay-fade" alt="Brno (CZ)" width="1000" height="750">
            
                        <div class="uk-overlay-panel uk-overlay-background uk-overlay-fade"></div>
            
                            <div class="uk-overlay-panel uk-overlay-icon uk-overlay-fade"></div>
            
                                                                        <a class="uk-position-cover" href="#wk-325f" data-index="0" data-uk-modal title="8/2015 rekonstrukce koleje č. 2 trati 250, Brno &#8211; Královo Pole – Kuřim "></a>
                                                
        </figure>

    </div>

    
                <h3 class="uk-h5 uk-margin-bottom-remove">Brno (CZ)</h3>
        
        
    
</div>
    </div>

    
</div>

<div id="wk-325f" class="uk-modal">
    <div class="uk-modal-dialog uk-modal-dialog-blank">

        <button class="uk-modal-close uk-close" type="button"></button>

        <div class="uk-grid" data-uk-grid-margin>
            <div class="uk-width-large-1-2 uk-text-center">

                <div class="uk-slidenav-position" data-uk-slideshow data-uk-check-display>
                    <ul class="uk-slideshow uk-slideshow-fullscreen">
                        
                            <li>
                                <img decoding="async" src="/jut-elstav/wp-content/plugins/widgetkit/cache/jut-elstav-copy-14-c3722b871d80dd6d03ae4dcc2a795312.jpg" alt="Brno (CZ)">                            </li>

                                            </ul>

                    <a href="#" class="uk-slidenav uk-slidenav-contrast uk-slidenav-previous uk-hidden-touch" data-uk-slideshow-item="previous"></a>
                    <a href="#" class="uk-slidenav uk-slidenav-contrast uk-slidenav-next uk-hidden-touch" data-uk-slideshow-item="next"></a>

                </div>
            </div>
            <div class="uk-width-large-1-2 test-class uk-flex uk-flex-middle uk-flex-center">

                <div class="uk-panel-body uk-width-1-1 " data-uk-slideshow data-uk-check-display>
                    <ul class="uk-slideshow">
                                                <li>

                                                        <h3 class="uk-h2">Brno (CZ)</h3>
                            
                                                        <div class="uk-margin-top ">8/2015 rekonstrukce koleje č. 2 trati 250, Brno &#8211; Královo Pole – Kuřim </div>
                            
                            
                        </li>
                                        </ul>

                    <div class="uk-margin-top">
                        <ul class="uk-thumbnav uk-margin-bottom-remove">
                                                    <li data-uk-slideshow-item="0"><a href="#"><img loading="lazy" decoding="async" src="/jut-elstav/wp-content/plugins/widgetkit/cache/jut-elstav-copy-14-859d0ce4595cbeea7af628735e7d26db.jpg" alt="Brno (CZ)" width="160" height="120"></a></li>
                                                </ul>
                    </div>
                </div>

            </div>
        </div>

    </div>
</div>

<script>
    (function($){

        var modal      = $('#wk-325f'),
            container  = modal.prev(),
            slideshows = modal.find('[data-uk-slideshow]'),
            slideshow;

        container.on('click', '[href^="#wk-"][data-uk-modal]', function(e) {
            slideshows.each(function(){

                slideshow = $(this).data('slideshow');
                slideshow.show(parseInt(e.target.getAttribute('data-index'), 10));
            });
        });

        modal.on('beforeshow.uk.slideshow', function(e, next) {
            slideshows.not(next.closest('[data-uk-slideshow]')[0]).data('slideshow').show(next.index());
        });

    })(jQuery);
</script>

<script>
(function($){

    // get the images of the gallery and replace it by a canvas of the same size to fix the problem with overlapping images on load.
    $('img[width][height]:not(.uk-overlay-panel)', $('#wk-grid25f')).each(function() {

        var $img = $(this);

        if (this.width == 'auto' || this.height == 'auto' || !$img.is(':visible')) {
            return;
        }

        var $canvas = $('<canvas class="uk-responsive-width"></canvas>').attr({width:$img.attr('width'), height:$img.attr('height')}),
            img = new Image,
            release = function() {
                $canvas.remove();
                $img.css('display', '');
                release = function(){};
            };

        $img.css('display', 'none').after($canvas);

        $(img).on('load', function(){ release(); });
        setTimeout(function(){ release(); }, 1000);

        img.src = this.src;

    });

})(jQuery);
</script>


</div>
</div>
<p>&nbsp;</p>
<p>&nbsp;</p>

<p>Subterra Spoločnosť realizuje predovšetkým podzemné, pozemné a dopravné stavby a technické zariadenia budov. Okrem Česka spoločnosť pôsobí tiež na Slovensku, v Maďarsku, Nemecku a Švédsku, kde sa podieľajú na projektoch v oblasti infraštruktúry. www.subterra.cz Pozrite si referenčné projekty realizované našou spoločnosťou &nbsp; &nbsp;</p>
